test common divisor of 2 and a?
2
Suppose -5*l = -m - 0*m + 19, 0 = -5*m + 3*l + 51. What is the highest common divisor of 27 and m?
9
Suppose -7*z + 2*z = -55. Let i(a) = -a**2 + 12*a + 1. Let s be i(z). Calculate the highest common factor of s and 12.
12
Suppose h + 2*c = -2*h + 146, 129 = 2*h - 5*c. Suppose -2*n - 2*n = -h. What is the highest common divisor of n and 26?
13
Let k be 10/45 + (-50)/(-18). Suppose -5 = -4*q + k. Calculate the greatest common divisor of q and 2.
2
Suppose -198 = -0*a - 3*a. Let q be -1*4/(8/10). Let n(i) = -2*i - 4. Let v be n(q). What is the greatest common divisor of a and v?
6
Let q = -125 + 14. Let m = q + 159. Suppose 0 = 5*l - 3*u - 24, -u - 3*u + 14 = l. What is the greatest common divisor of l and m?
6
Suppose -5*o + 88 = 4*z, -2*o + 2*z + 49 = -z. What is the greatest common factor of o and 4?
4
Let z(t) = t**3 - 8*t**2 - 7*t - 6. Let a be z(9). Calculate the highest common divisor of a and 24.
12
Let n = -26 - -17. Let u be (n - -69) + (0 - 0). What is the greatest common divisor of u and 24?
12
Let i = -89 - -129. What is the highest common divisor of i and 24?
8
Suppose 0*o = -5*o + 200. Suppose 3*h - 4*h = -2. Suppose 0 = 4*q - p - 25, -3*q - 25 = -6*q + h*p. What is the highest common factor of q and o?
5
Let o(g) = -6*g**3 + 2*g + 1. Let j be o(-1). Suppose 34 = x - j. Calculate the highest common factor of 26 and x.
13
Suppose -12 = -y - 2*y. Calculate the greatest common divisor of y and 10.
2
Suppose -4*d - 5*g = -102, 4*g - g + 118 = 4*d. What is the greatest common factor of d and 14?
14
Let p = 29 - 12. Let i(g) = 3*g**2 - 4*g + 4. Suppose -4*l - 24 = -4*z, -20 = 3*l - 3*z - z. Let u be i(l). Calculate the greatest common factor of p and u.
17
Let c = 25 + -11. Let s = -3 + 15. Let i = 33 - s. Calculate the highest common divisor of c and i.
7
Suppose 0 = 24*a - 19*a - 440. What is the highest common factor of a and 22?
22
Let y be (-166)/(-6) - 13/(-39). Calculate the greatest common factor of y and 14.
14
Suppose 0 = -0*u + u + 2. Let w be ((-33)/2)/(1/u). Calculate the greatest common divisor of w and 3.
3
Suppose 0 = j + 2*j - 90. Let m be 2/(3 - 1) + -1. Let g be (-5 + m)/(-1*1). What is the greatest common factor of j and g?
5
Let c = -4 - -4. Suppose c = -2*v - v + 321. Let o = v - -53. What is the highest common divisor of o and 20?
20
Let n = 335 - 195. Suppose -3*a + 68 = 2*a - 2*t, 44 = 3*a + 2*t. What is the highest common factor of a and n?
14
Let s = -79 + 84. Calculate the greatest common divisor of s and 35.
5
Suppose 62 = 3*p + 4*y, -y = -0*p + p - 19. What is the greatest common factor of 35 and p?
7
Let t = -2 - -5. Suppose 0*d + 42 = t*d. What is the highest common factor of d and 70?
14
Let l = 12 + -4. Calculate the greatest common divisor of l and 72.
8
Let w be (-1392)/(-28) + 8/28. Calculate the highest common divisor of w and 75.
25
Suppose -2*c + 5*u + 26 = u, -11 = -c + 3*u. Suppose 3*n - a = 70, -c = -n + 3*a + 1. Calculate the highest common divisor of 6 and n.
6
Let z be 4*18 + 0/(-1). Let u be ((-12)/15)/((-6)/(-15)). Let c(p) = 2*p**2 - 2*p - 3. Let b be c(u). What is the greatest common divisor of z and b?
9
Let y = 7 - 2. Suppose -3*u - 2*o + 753 = -0*o, -u + y*o = -268. What is the greatest common factor of 23 and u?
23
Suppose -5*r + 8 = -9*r + 3*s, -3*s + 9 = -3*r. What is the highest common divisor of r and 5?
1
Suppose -2*k = -0*k - 20. Suppose 5*x + 2*d = 1596, -2*d + 4*d - 956 = -3*x. Suppose 2*p - x = -2*p. What is the highest common factor of k and p?
10
Let n = -12 + 2. Suppose -245 = -o + 6*o. Let v = n - o. Calculate the highest common factor of 13 and v.
13
Let w be 250 - (0 - 12/4). What is the highest common divisor of w and 23?
23
Let x be (2/(-9) - (-519)/27) + -4. Let i = 2 + 0. Suppose q = -i*q + 9. Calculate the highest common factor of q and x.
3
Let f be (-900)/(-15)*(-16)/(-10). What is the greatest common divisor of f and 6?
6
Let k be -13*-2*((-15)/6 - -3). Calculate the highest common factor of k and 117.
13
Suppose 6*u - 25 = 269. Calculate the highest common divisor of u and 7.
7
Let q = 381 + -249. Calculate the highest common divisor of q and 12.
12
Suppose -9 - 18 = -3*l. Calculate the highest common factor of l and 72.
9
Let t be (-17)/(153/18) + (-58)/(-1). What is the greatest common divisor of 504 and t?
56
Let x(p) be the first derivative of p**2/2 - p - 3. Let i be x(3). Calculate the greatest common divisor of 4 and i.
2
Let v(z) = z**3 + 6*z**2 + 4*z + 3. Let a be v(-5). Calculate the greatest common factor of 4 and a.
4
Let z be ((-1)/(-5) - (-99)/5)/1. What is the greatest common divisor of z and 180?
20
Let r(h) = h**3 - 5*h**2 + 2*h - 1. Let t be r(5). Let z = -4 + t. Calculate the greatest common factor of z and 5.
5
Let y be 4/6 + (-28)/6. Let k be (-2 - -4)/y*-78. Suppose 191 + 56 = 19*o. What is the highest common divisor of k and o?
13
Let u be (-1)/2*850/(-25). Let w = -397 - -567. Calculate the greatest common factor of w and u.
17
Suppose -3*q = -3*s + 21, -4*q - 3*s = 6 + 8. Let n = -3 - q. Let z be 18/(0 - n*-1). Calculate the greatest common divisor of 18 and z.
9
Let t(r) = -5*r**3 - r**2 + 1. Suppose 0 = f + f - i + 8, i - 2 = 0. Let g = f - -2. Let k be t(g). Calculate the greatest common divisor of k and 35.
5
Let f be (-3)/(-1) + -3 + 5. Calculate the greatest common divisor of 35 and f.
5
Let p = 121 + -82. Let d be p + -5 + 3 - 2. What is the highest common divisor of d and 7?
7
Suppose 1 = 2*p - 1. Let d be (-5 + 6)/(p/2). Suppose -d*v + 2 = -v. What is the greatest common factor of v and 6?
2
Let w(i) be the third derivative of i**4/12 - i**3/6 + 2*i**2. Let y be w(8). Calculate the highest common factor of y and 6.
3
Let r be 117*-1*9/((-135)/10). Calculate the greatest common factor of r and 6.
6
Suppose 0 = 5*s + 2*c - 340, s + 2*s = 4*c + 178. Let u be s/9 - (-4)/6. Calculate the highest common factor of u and 24.
8
Let q be (-2 - -1) + -3 - -2. Let r be 1*(291/3 + q). Let s be 3 - -17 - (-1)/(-1). Calculate the highest common factor of r and s.
19
Let q(m) = -m**3 - 3*m**2 + 2. Let n be q(-4). Suppose 4*v - 2*v = n. Let s be (((-9)/(-4))/(1/12))/1. What is the highest common factor of s and v?
9
Let m be (-2)/((-168)/81 - -2). Suppose 2*c + 5*p - 61 = 0, -2*c + 19 = 2*p - m. Calculate the greatest common factor of c and 6.
6
Let r = 20 - 28. Let a = r + 20. Suppose 3*x = -2*c + 225, 5*c - 320 - 205 = 5*x. What is the greatest common factor of c and a?
12
Let m be 4/(-18) + (-23749)/(-153). What is the highest common divisor of m and 5?
5
Suppose -z = -0*z + 4*g + 4, -3*z = 2*g - 8. Let p be 210/(-49) - (-4)/14. Let s be 8 - (p - -3) - 1. What is the highest common factor of z and s?
4
Let a be (-8)/14 - (-235)/7. What is the greatest common divisor of 33 and a?
33
Let l be (0 - ((-2)/(-2) - 97))*2. Calculate the greatest common divisor of l and 24.
24
Suppose 0*f = -3*f + 12. Let p(x) = -2*x - 9. Let b be p(-7). Let r = b - -11. What is the highest common divisor of f and r?
4
Let b(h) = 5*h**3 - 5*h + 6. Let l be b(3). Calculate the greatest common factor of 14 and l.
14
Suppose -i + 28 + 178 = 0. Let f = i - 143. Calculate the greatest common divisor of 7 and f.
7
Let j = -48 - -93. Suppose -4*b + 3 = -j. Suppose u = 3*q - 249, 44 = q + u - 43. Calculate the greatest common divisor of b and q.
12
Suppose 0 = -6*y + 3*y - 18. Let n be ((-22)/(-2))/(y/(-30)). What is the greatest common factor of 11 and n?
11
Let m = 130 + -55. Let y = 60 - 12. Suppose 3*i - y = 3*h - 2*h, -2*h - 66 = -4*i. What is the greatest common factor of i and m?
15
Let u = -243 + 423. Calculate the greatest common divisor of u and 20.
20
Suppose 4*b - 12 + 4 = 0. Suppose -b*j = -w - 12 - 0, -4*j + w + 26 = 0. Calculate the greatest common factor of j and 1.
1
Let y(a) = -a**3 - 6*a**2 - 8*a - 6. Let t be y(-5). Let u be (-1)/2*72*-1. Suppose -u - 36 = -2*i. What is the highest common factor of t and i?
9
Let f be (-20 - -6)*6/(-4). Suppose 3*i = j - 22, 5*i = 5*j - 33 - 7. Let n = i + f. What is the greatest common factor of n and 112?
14
Let s be -1*(-8)/10*10. Calculate the greatest common divisor of s and 16.
8
Let u(q) = 19*q**2 + 4*q + 5. Let a be u(-1). Suppose 5*p - 265 = 3*n, -4*p - 4*n - 170 = -7*p. W